{"version":"1.0","provider_name":"EU for Moldova","provider_url":"https:\/\/eu4moldova.eu\/en\/","author_name":"Elena Stiubei","author_url":"https:\/\/eu4moldova.eu\/en\/author\/elena-stiubei\/","title":"#ShapeYourFuture: Moldova meets Europe - EU for Moldova","type":"rich","width":600,"height":338,"html":"<blockquote class=\"wp-embedded-content\" data-secret=\"U7URtyE6rN\"><a href=\"https:\/\/eu4moldova.eu\/en\/shapeyourfuture-moldova-meets-europe\/\">#ShapeYourFuture: Moldova meets Europe<\/a><\/blockquote><iframe sandbox=\"allow-scripts\" security=\"restricted\" src=\"https:\/\/eu4moldova.eu\/en\/shapeyourfuture-moldova-meets-europe\/embed\/#?secret=U7URtyE6rN\" width=\"600\" height=\"338\" title=\"&#8220;#ShapeYourFuture: Moldova meets Europe&#8221; &#8212; EU for Moldova\" data-secret=\"U7URtyE6rN\" frameborder=\"0\" marginwidth=\"0\" marginheight=\"0\" scrolling=\"no\" class=\"wp-embedded-content\"><\/iframe><script>\n\/*! This file is auto-generated *\/\n!function(d,l){\"use strict\";l.querySelector&&d.addEventListener&&\"undefined\"!=typeof URL&&(d.wp=d.wp||{},d.wp.receiveEmbedMessage||(d.wp.receiveEmbedMessage=function(e){var t=e.data;if((t||t.secret||t.message||t.value)&&!\/[^a-zA-Z0-9]\/.test(t.secret)){for(var s,r,n,a=l.querySelectorAll('iframe[data-secret=\"'+t.secret+'\"]'),o=l.querySelectorAll('blockquote[data-secret=\"'+t.secret+'\"]'),c=new RegExp(\"^https?:$\",\"i\"),i=0;i<o.length;i++)o[i].style.display=\"none\";for(i=0;i<a.length;i++)s=a[i],e.source===s.contentWindow&&(s.removeAttribute(\"style\"),\"height\"===t.message?(1e3<(r=parseInt(t.value,10))?r=1e3:~~r<200&&(r=200),s.height=r):\"link\"===t.message&&(r=new URL(s.getAttribute(\"src\")),n=new URL(t.value),c.test(n.protocol))&&n.host===r.host&&l.activeElement===s&&(d.top.location.href=t.value))}},d.addEventListener(\"message\",d.wp.receiveEmbedMessage,!1),l.addEventListener(\"DOMContentLoaded\",function(){for(var e,t,s=l.querySelectorAll(\"iframe.wp-embedded-content\"),r=0;r<s.length;r++)(t=(e=s[r]).getAttribute(\"data-secret\"))||(t=Math.random().toString(36).substring(2,12),e.src+=\"#?secret=\"+t,e.setAttribute(\"data-secret\",t)),e.contentWindow.postMessage({message:\"ready\",secret:t},\"*\")},!1)))}(window,document);\n<\/script>\n","thumbnail_url":"https:\/\/eu4moldova.eu\/wp-content\/uploads\/2024\/07\/Moldova-intalneste-Europa-1x1-1-1024x1024.png","thumbnail_width":1024,"thumbnail_height":1024,"description":"You\u2019re invited to join us on July 4th at Europe Caf\u00e9 to hear from Ludmila Adamciuc, Elisei Latul, and C\u0103t\u0103lin Lungu from Moldova, as they teamed up with opinion leaders from four other European countries."}

You’re invited to join us on July 4th at Europe Café to hear from Ludmila Adamciuc, Elisei Latul, and Cătălin Lungu from Moldova, as they teamed up with opinion leaders from four other European countries.
